 prime factors of b.
2, 3, 7
Let h(j) = j**2. Let s be h(2). Suppose 0 = -s*b + 56. List the prime factors of b.
2, 7
Suppose -4*u - 3*z = -12, 4 = -5*u + 2*z - z. Suppose 35 = -u*l + 5*l. List the prime factors of l.
7
Let v = 6 + -5. Let i = v - -5. What are the prime factors of i?
2, 3
Let a(s) = -12*s - 7. List the prime factors of a(-2).
17
Let b = -85 - -125. List the prime factors of b.
2, 5
Suppose -6 = 4*o - o. Let f = o + 9. List the prime factors of f.
7
Let d(n) = -3 + 1 - 33*n**2 + 2*n + 1 - 3*n. Let l be d(-1). List the prime factors of (l/(-6))/((-3)/(-6)).
11
Suppose 15*l - 2058 = 1842. What are the prime factors of l?
2, 5, 13
Let v be 48/6 + 0 + 1. Let p = v + -7. Suppose 3*z = -4*g + 9, g = 4*g + 4*z + p. What are the prime factors of g?
2, 3
List the prime factors of -1 + ((-1083)/(-9) - 4/(-6)).
2, 3, 5
Suppose -2*q + 2*z = 0, q + 8 = 2*q + 3*z. Let n = q - 3. Let c(b) = -9*b**3 + b**2 + 2*b + 1. What are the prime factors of c(n)?
3
Let s = 85 + -33. Suppose -s = 3*l - 7*l. List the prime factors of l.
13
Suppose -3*i = i + 3*h - 50, 38 = 3*i + 2*h. Let o = i - -15. What are the prime factors of o?
29
Suppose 5 = -4*c + 25. Suppose 5*p - 9 = -3*b + 11, -4*b + c*p - 20 = 0. Suppose b = 4*d - 7*d + 24. List the prime factors of d.
2
Suppose t + 186 - 69 = 4*z, 0 = -5*t + 15. Suppose 3*n = 2*g - z, -g - n + 17 = -3*n. Let u = 0 + g. List the prime factors of u.
3
Suppose 3*n + 212 = 7*n. Let s = n - 81. Let x = -17 - s. List the prime factors of x.
11
Suppose -5 - 3 = -2*l. What are the prime factors of l?
2
Suppose 0 = -g - 2*v, 2*v - 2 = 2*g - 4*g. Let i(d) = 3 - 2*d**2 - d + 1 - d**3 + 3*d**g. What are the prime factors of i(0)?
2
Let b(r) = -2*r - 8. Let y be b(-6). Suppose -9 = y*l - 3*l. What are the prime factors of (-34)/l + 4/18?
2
Let l(f) be the first derivative of -f**3/6 + f**2/2 - 2*f - 3. Let u(x) be the first derivative of l(x). List the prime factors of u(-7).
2
Let b = -9 - -17. Suppose 3*z = 7*z - b. What are the prime factors of (-26)/(-4) - z/4?
2, 3
Suppose 4*p - 79 = 3*p. What are the prime factors of p?
79
Suppose -2*v = 24 - 152. What are the prime factors of v?
2
Suppose 5*m - 3 + 23 = 0. Let x = 6 + m. Suppose x*v + 8 = 2*c + 4*v, 5*v = -c. List the prime factors of c.
5
Suppose -2*l = -13 + 5. Suppose 3*b = x + 3*x + 57, -l*x = 12. Suppose -6 = 3*o - b. What are the prime factors of o?
3
Let d(b) = -b**3 - 8*b**2 - b - 6. Let l be d(-8). Suppose 4*j + 0*j + l*w - 14 = 0, 3*w = -2*j + 9. Suppose j*m - 28 = -m. List the prime factors of m.
7
Let k be -1*(-1 - (1 - 1)). Let a be (-1)/(-1) + k - 2. Suppose 0*w - 4*q = 4*w - 44, 5*q = a. List the prime factors of w.
11
Let g be 4/14 - (-8)/(-28). Suppose 0 = -5*y + 4*k + 38, 2*k + g = 6. List the prime factors of y.
2, 5
Let s(g) = 2*g + 4. Let m be s(5). Suppose -a - m = a. Let k = a + 12. What are the prime factors of k?
5
Let i(o) = -o**3 + 30. Let r be i(0). Let v = -18 + r. List the prime factors of v.
2, 3
Let d(j) = -j**3 - j**2 + 2*j + 37. What are the prime factors of d(0)?
37
Suppose -5*d = 4 + 11. Let m = d + -1. Let p = 0 - m. List the prime factors of p.
2
List the prime factors of (28/12 + -3)*-99.
2, 3, 11
Let b = -20 + 182. What are the prime factors of b?
2, 3
Suppose -4*c + 7 = -5. Suppose 5*v = c*v + 6. Suppose v*a - 5*a + 18 = 0. What are the prime factors of a?
3
Suppose 3*i = -2 - 13. Suppose -v - v = -14. Let d = v + i. List the prime factors of d.
2
What are the prime factors of -1 - ((3 - 0) + -37)?
3, 11
Suppose n + 477 = 3*d, -3*d + 11*n = 8*n - 471. What are the prime factors of d?
2, 5
Let c(k) = -k + 3. Let j be c(0). Let s be -4*(j/(-12) - 1). Suppose s = 2*r - 33. What are the prime factors of r?
19
Suppose 0 = -2*o + 23 - 7. Let y(p) = p**2 + 3*p + 34. Let v be y(14). What are the prime factors of ((-1)/(-2))/(o/v)?
17
Let l(v) = 4*v**2 + v + 1. Let a be l(-1). Suppose 0 = 5*m + h - 16, -4*m + 18 = 2*h + 4. Suppose -3 = w - a*n, -7 = -m*w + n + 17. List the prime factors of w.
3
Suppose -26 - 16 = -3*j - 2*r, -3*j + 42 = -5*r. Let q be (3/6)/(2/16). What are the prime factors of (q/7)/(4/j)?
2
Suppose 3*o + 0*o - 90 = 3*x, -4*o = x - 135. List the prime factors of o.
3, 11
Suppose -10 = 3*h + 17. List the prime factors of (-1 + -17)*6/h.
2, 3
Let b = -183 + 345. List the prime factors of b.
2, 3
Let d = -40 - -111. List the prime factors of d.
71
Suppose -4*a + m + 268 = 0, -5*a - 3*m + 208 = -144. List the prime factors of a/(-5)*30/(-12).
2, 17
Let q(k) = 15*k**2 - 8*k**2 - 5 + 2. List the prime factors of q(2).
5
Let o(r) = 2*r**2 + 5*r - 2. List the prime factors of o(-8).
2, 43
Let j = -3 - -10. Let y = j + 10. What are the prime factors of y?
17
Let z(h) = 5*h**3 - 23*h**2 + 12*h - 7. Let f(c) = -2*c**3 + 8*c**2 - 4*c + 2. Let p(r) = 8*f(r) + 3*z(r). List the prime factors of p(-6).
7
Let c be (-2)/(-8) + 81/12. Let b(u) = -u**2 + 10*u - 8. What are the prime factors of b(c)?
13
Let g(o) = o**2 - 19*o + 14. Let b be g(18). What are the prime factors of (-1)/(2/4) - b?
2
Let c(y) = 10*y - y**2 - 4 + 5 + 3. Let n be c(10). Let h = n - -9. What are the prime factors of h?
13
List the prime factors of 2/8 - 326/(-8).
41
Suppose 2*i = -2*i. Suppose 8 = -i*m + 2*m. What are the prime factors of m?
2
Suppose -61 - 44 = -5*v. Let f = -13 + v. Suppose -m = m - f. What are the prime factors of m?
2
Let w = 3 + 132. Suppose 0*v = 3*v - w. Suppose 0 = 5*u - n - 3*n - 47, -5*u = -5*n - v. What are the prime factors of u?
11
Suppose 2*t = 3 + 5. List the prime factors of (-8)/(-5)*30/t.
2, 3
List the prime factors of (-3)/(-2 + (0 - -1)).
3
Suppose 4*z - 2*c = z + 4, -z = -c - 2. Suppose -4*o - 4*h + 17 - 5 = z, 0 = 3*o + 2*h - 6. Suppose 3*s = -o*s + 36. What are the prime factors of s?
2, 3
Let r = -12 + 15. Suppose 0 = -3*x + 8*x - r*c - 10, -5*x - 2*c = -35. What are the prime factors of x?
5
Let s(j) = -j**3 - j**2. Let v be s(-1). Let y(i) = -2*i + 5. Let u be y(-5). Suppose u = 3*t - v. List the prime factors of t.
5
Let o be ((-9)/(-6))/(3/8). Suppose -b + 22 = -4*x, o = -3*b - 0*b - 2*x. Suppose -b*g - g = -24. What are the prime factors of g?
2
Let d = 175 - 112. What are the prime factors of d?
3, 7
Let z be 2/12 - 92/(-24). Suppose z*q + 105 = 7*q. List the prime factors of q.
5, 7
Suppose 0 = -3*f - f - 2*d + 24, -5*f + 44 = -d. Suppose 4*o + 40 = 4*u, -2*u - 3*o + 2*o = -f. List the prime factors of u.
2, 3
Suppose 9 = 3*x - 0. Suppose -2*v + 85 = x*v. What are the prime factors of v?
17
Let v(n) = n**2 - 3*n + 1. Let l be v(4). Suppose -5*u = -l*h - 65, -3*h = 4*u - 0*h - 87. List the prime factors of u.
2, 3
Let v be (27/(-6))/(2/(-8)). What are the prime factors of v - (0 - (2 - 5))?
3, 5
Let k(l) = -l**2 - 6*l + 4. Let j be k(-6). Suppose -d + 40 = 3*w, 3*w - 142 = -0*d - j*d. What are the prime factors of d?
2, 17
Let k(f) = -3*f**2 + 0 + 3 + 0 + 2*f**2 + 6*f. Let m be k(6). Suppose 0 = c + m*c - 20. List the prime factors of c.
5
Suppose 9 = -5*a + 8*a. Suppose -15 = 5*o + 25. Let s = a - o. What are the prime factors of s?
11
List the prime factors of -111*14/(-35) - (-2)/(-5).
2, 11
List the prime factors of (-1)/2*-4 - -48.
2, 5
Suppose 3*r = -2*r + 60. Suppose -3*s - r = 18. List the prime factors of s/(0 + 1*-2).
5
Suppose x - 5*x = -h + 318, 1624 = 5*h - 3*x. List the prime factors of h.
2, 163
Let d(h) = h**3 + 5*h**2 + 3*h. Let q be d(-4). Suppose 5*g + 15 = 75. Suppose q*c = c + g. What are the prime factors of c?
2
Let c(a) = -2*a**2 - 18*a - 4. What are the prime factors of c(-7)?
2, 3
Let p(y) = -y**2 - 12*y + 17. What are the prime factors of p(-11)?
2, 7
Let p = 40 + -16. List the prime factors of (1*p)/2 + 2.
2, 7
Let z be 0 + -33 - (-22)/11. Let s = 4 - z. What are the prime factors of s?
5, 7
Suppose -2*a - 104 = -3*a + 4*t, 3*a + 5*t - 227 = 0. List the prime factors of a.
2, 3, 7
Let k be -2 + 3/(-3) + 2. Let o be (-1)/(k/4*2). Suppose f - o = -0. What are the prime factors of f?
2
Let h(v) = -31*v + 1. List the prime factors of h(-3).
2, 47
Suppose -51 + 9 = 3*v. Let y(t) = -t. What are the prime factors of y(v)?
2, 7
Suppose 0*f - 4*f + 64 = 0. Let q be (2/4)/(2/f). Suppose -q*a = -0*p + 3*p - 75, -a = -3*p. List the prime factors of a.
3, 5
Suppose 0 = 5*i + 3*z + 32, -3*i - z - 6 